{"id":202,"date":"2021-04-27T14:04:23","date_gmt":"2021-04-27T12:04:23","guid":{"rendered":"https:\/\/news.esseweb.eu\/?page_id=202"},"modified":"2021-04-27T17:20:44","modified_gmt":"2021-04-27T15:20:44","slug":"mass-mailing","status":"publish","type":"page","link":"https:\/\/news.esseweb.eu\/index.php\/mass-mailing\/","title":{"rendered":"Mass Mailing"},"content":{"rendered":"\n<p>Spazio web mette a disposizione un pannello di gestione degli invii massivi nel quale \u00e8 possibile inserire le liste degli indirizzi email, eventualmente importabili da file con estensione csv, e verificare l&#8217;effettiva consegna al destinatario. Una sezione apposita consente di tenere monitorati gli invii ancora a disposizione, compresi nel pacchetto acquistato.<\/p>\n\n\n\n<div class=\"wp-block-image\"><figure class=\"aligncenter size-large is-resized\"><img loading=\"lazy\" decoding=\"async\" src=\"https:\/\/news.esseweb.eu\/wp-content\/uploads\/2021\/04\/image.png\" alt=\"\" class=\"wp-image-203\" width=\"536\" height=\"192\" srcset=\"https:\/\/news.esseweb.eu\/wp-content\/uploads\/2021\/04\/image.png 714w, https:\/\/news.esseweb.eu\/wp-content\/uploads\/2021\/04\/image-300x108.png 300w\" sizes=\"auto, (max-width: 536px) 100vw, 536px\" \/><\/figure><\/div>\n\n\n\n<p><strong>Attivazione servizio invio massivo<\/strong><\/p>\n\n\n\n<p>Il mass mailing attraverso il server di Spazio Web \u00e8 subordinato all&#8217;acquisto di un servizio a parte: sono disponibili diverse offerte a seconda del numero di invii che si intende effettuare e la quantit\u00e0 totale \u00e8 la risultante della conta dei destinatari di cadaun invio.<\/p>\n\n\n\n<div class=\"wp-block-image is-style-default\"><figure class=\"aligncenter size-large is-resized\"><img loading=\"lazy\" decoding=\"async\" src=\"https:\/\/news.esseweb.eu\/wp-content\/uploads\/2021\/04\/image-1.png\" alt=\"\" class=\"wp-image-204\" width=\"536\" height=\"192\" srcset=\"https:\/\/news.esseweb.eu\/wp-content\/uploads\/2021\/04\/image-1.png 714w, https:\/\/news.esseweb.eu\/wp-content\/uploads\/2021\/04\/image-1-300x108.png 300w\" sizes=\"auto, (max-width: 536px) 100vw, 536px\" \/><\/figure><\/div>\n\n\n\n<p>Nella sezione <strong>Stato servizio<\/strong> vengono riepilogate le attivit\u00e0 di spedizione suddivise per giorno e sono visualizzate le informazioni relative alla data di attivazione e di scadenza del servizio.<\/p>\n\n\n\n<div class=\"wp-block-image\"><figure class=\"aligncenter size-large is-resized\"><img loading=\"lazy\" decoding=\"async\" src=\"https:\/\/news.esseweb.eu\/wp-content\/uploads\/2021\/04\/image-2.png\" alt=\"\" class=\"wp-image-205\" width=\"646\" height=\"154\" srcset=\"https:\/\/news.esseweb.eu\/wp-content\/uploads\/2021\/04\/image-2.png 861w, https:\/\/news.esseweb.eu\/wp-content\/uploads\/2021\/04\/image-2-300x71.png 300w, https:\/\/news.esseweb.eu\/wp-content\/uploads\/2021\/04\/image-2-768x183.png 768w\" sizes=\"auto, (max-width: 646px) 100vw, 646px\" \/><\/figure><\/div>\n\n\n\n<p>La voce <strong>Istruzioni Mass Mailing<\/strong> rimanda alla documentazione del servizio.<\/p>\n\n\n\n<p>Nella sezione <strong>Gestione invii<\/strong> si ha l&#8217;accesso alla gestione ed allo stato degli invii.<\/p>\n\n\n\n<div class=\"wp-block-image\"><figure class=\"aligncenter size-large is-resized\"><img loading=\"lazy\" decoding=\"async\" src=\"https:\/\/news.esseweb.eu\/wp-content\/uploads\/2021\/04\/image-3.png\" alt=\"\" class=\"wp-image-206\" width=\"536\" height=\"192\" srcset=\"https:\/\/news.esseweb.eu\/wp-content\/uploads\/2021\/04\/image-3.png 714w, https:\/\/news.esseweb.eu\/wp-content\/uploads\/2021\/04\/image-3-300x108.png 300w\" sizes=\"auto, (max-width: 536px) 100vw, 536px\" \/><\/figure><\/div>\n\n\n\n<p>Cliccando sull&#8217;identificativo si apre una videata in cui si vede nel dettaglio l&#8217;esito della spedizione:<\/p>\n\n\n\n<div class=\"wp-block-image\"><figure class=\"aligncenter size-large is-resized\"><img loading=\"lazy\" decoding=\"async\" src=\"https:\/\/news.esseweb.eu\/wp-content\/uploads\/2021\/04\/image-4.png\" alt=\"\" class=\"wp-image-207\" width=\"648\" height=\"116\" srcset=\"https:\/\/news.esseweb.eu\/wp-content\/uploads\/2021\/04\/image-4.png 864w, https:\/\/news.esseweb.eu\/wp-content\/uploads\/2021\/04\/image-4-300x53.png 300w, https:\/\/news.esseweb.eu\/wp-content\/uploads\/2021\/04\/image-4-768x137.png 768w\" sizes=\"auto, (max-width: 648px) 100vw, 648px\" \/><\/figure><\/div>\n\n\n\n<div class=\"wp-block-image\"><figure class=\"aligncenter size-large is-resized\"><img loading=\"lazy\" decoding=\"async\" src=\"https:\/\/news.esseweb.eu\/wp-content\/uploads\/2021\/04\/image-5.png\" alt=\"\" class=\"wp-image-208\" width=\"412\" height=\"209\" srcset=\"https:\/\/news.esseweb.eu\/wp-content\/uploads\/2021\/04\/image-5.png 549w, https:\/\/news.esseweb.eu\/wp-content\/uploads\/2021\/04\/image-5-300x152.png 300w\" sizes=\"auto, (max-width: 412px) 100vw, 412px\" \/><\/figure><\/div>\n\n\n\n<p>Da quanto visualizzato, si pu\u00f2 sapere se si \u00e8 concluso l&#8217;invio e se ci sono stati errori nella spedizione. Selezionando il numero a fianco la voce <em>Errore permanente <\/em>vengono elencati gli indirizzi email verso I quali non si \u00e8 potuto effettuare la consegna.<\/p>\n\n\n\n<p>Nella sezione <strong>Gestione liste<\/strong>si accede al pannello in cui si preparano le liste di indirizzi email per gli invii.<\/p>\n\n\n\n<div class=\"wp-block-image\"><figure class=\"aligncenter size-large is-resized\"><img loading=\"lazy\" decoding=\"async\" src=\"https:\/\/news.esseweb.eu\/wp-content\/uploads\/2021\/04\/image-6.png\" alt=\"\" class=\"wp-image-209\" width=\"559\" height=\"128\" srcset=\"https:\/\/news.esseweb.eu\/wp-content\/uploads\/2021\/04\/image-6.png 745w, https:\/\/news.esseweb.eu\/wp-content\/uploads\/2021\/04\/image-6-300x68.png 300w\" sizes=\"auto, (max-width: 559px) 100vw, 559px\" \/><\/figure><\/div>\n\n\n\n<p>Per definire una nuova lista si deve inserire il nome nello spazio e poi cliccare sulla voce \u201c<em>Crea una nuova lista<\/em>\u201d.<br>Cliccando successivamente sul nome della lista si apre un pannello in cui vanno inseriti manualmente gli indirizzi email o caricati da file con estensione .csv.<br>Nella scelta \u201c<em>Seleziona formato<\/em>\u201d si \u00e8 invitati ad indicare da quale programma di posta \u00e8 stato generato il file da generare; attualmente sono presenti 3 scelte: Mozilla Thunderbird, Outlook Express e Base. Quest&#8217;ultimo \u00e8 da indicare nel caso in cui l&#8217;elenco degli indirizzi email \u00e8 stato preparato a mano: il formato richiesto \u00e8 il seguente <em>Nome Cognome &lt;indirizzo email&gt;<\/em>.<\/p>\n\n\n\n<p>Le liste gi\u00e0 presenti possono essere modificate, preferibilmente non durante un invio in corso.<\/p>\n\n\n\n<div class=\"wp-block-image\"><figure class=\"aligncenter size-large is-resized\"><img loading=\"lazy\" decoding=\"async\" src=\"https:\/\/news.esseweb.eu\/wp-content\/uploads\/2021\/04\/image-7.png\" alt=\"\" class=\"wp-image-210\" width=\"641\" height=\"137\" srcset=\"https:\/\/news.esseweb.eu\/wp-content\/uploads\/2021\/04\/image-7.png 854w, https:\/\/news.esseweb.eu\/wp-content\/uploads\/2021\/04\/image-7-300x64.png 300w, https:\/\/news.esseweb.eu\/wp-content\/uploads\/2021\/04\/image-7-768x165.png 768w\" sizes=\"auto, (max-width: 641px) 100vw, 641px\" \/><\/figure><\/div>\n\n\n\n<p><strong>Istruzioni per effettuare un invio<\/strong><\/p>\n\n\n\n<ul class=\"wp-block-list\"><li>Preparare le liste degli indirizzi: si possono inserire uno alla volta oppure effettuare un upload da file con estensione csv, un formato comune a svariati programmi di posta nella loro procedura di esportazione della rubrica.<\/li><li>Comporre sul proprio programma di posta elettronica quello che sar\u00e0 poi il messaggio che dovr\u00e0 poi essere spedito tramite il servizio di invio massivo. La dimensione massima del messaggio consentita \u00e8 di 130 Kb<\/li><li>Inviare il messaggio all&#8217;indirizzo <a href=\"mailto:invio@mm.spazioweb.email\">invio@mm.spazioweb.email<\/a>: a seguito dell&#8217;invio si ricever\u00e0 una conferma di avvenuta ricezione del messaggio dall&#8217;indirizzo email <a href=\"mailto:noreply@mm.spazioweb.email\">noreply@mm.spazioweb.email<\/a> e con oggetto \u201cAvviso di ricezione di una mail nel sistema di MassMailing\u201d. Tale messaggio contiene l&#8217;identificativo per andare a riprendere il testo nella sezione \u201cGestione Invii \/ Mail in attesa di schedulazione\u201d e inserire le informazioni necessarie per procedere con la spedizione: data di invio (si pu\u00f2 programmare per un momento successivo) e lista indirizzi.<\/li><\/ul>\n\n\n\n<div class=\"wp-block-image\"><figure class=\"aligncenter size-large is-resized\"><img loading=\"lazy\" decoding=\"async\" src=\"https:\/\/news.esseweb.eu\/wp-content\/uploads\/2021\/04\/image-8.png\" alt=\"\" class=\"wp-image-211\" width=\"401\" height=\"149\" srcset=\"https:\/\/news.esseweb.eu\/wp-content\/uploads\/2021\/04\/image-8.png 534w, https:\/\/news.esseweb.eu\/wp-content\/uploads\/2021\/04\/image-8-300x112.png 300w\" sizes=\"auto, (max-width: 401px) 100vw, 401px\" \/><\/figure><\/div>\n\n\n\n<p>La voce <em>Clona<\/em><em> <\/em>permette di duplicare il messaggio per poterlo inviare eventualmente ad un&#8217;altra lista.<\/p>\n\n\n\n<p>La voce <em>Conferma<\/em><em> <\/em>manda in elaborazione il messaggio in attesa della consegna.<\/p>\n\n\n\n<p>A procedura ultimata si ricever\u00e0 via email l&#8217;esito dell&#8217;invio, che pu\u00f2 comunque essere tenuto sotto controllo andando nella sezione <em>Gestione invii.<\/em><\/p>\n","protected":false},"excerpt":{"rendered":"<p>Spazio web mette a disposizione un pannello di gestione degli invii massivi nel quale \u00e8 possibile inserire le liste degli indirizzi email, eventualmente importabili da file con estensione csv, e verificare l&#8217;effettiva consegna al destinatario. Una sezione apposita consente di tenere monitorati gli invii ancora a disposizione, compresi nel pacchetto acquistato. Attivazione servizio invio massivo [&hellip;]<\/p>\n","protected":false},"author":1,"featured_media":0,"parent":0,"menu_order":0,"comment_status":"closed","ping_status":"closed","template":"","meta":{"zakra_page_container_layout":"customizer","zakra_page_sidebar_layout":"customizer","zakra_remove_content_margin":false,"zakra_sidebar":"customizer","zakra_transparent_header":"customizer","zakra_logo":0,"zakra_main_header_style":"default","zakra_menu_item_color":"","zakra_menu_item_hover_color":"","zakra_menu_item_active_color":"","zakra_menu_active_style":"","zakra_page_header":true,"footnotes":""},"class_list":["post-202","page","type-page","status-publish","hentry"],"_links":{"self":[{"href":"https:\/\/news.esseweb.eu\/index.php\/wp-json\/wp\/v2\/pages\/202","targetHints":{"allow":["GET"]}}],"collection":[{"href":"https:\/\/news.esseweb.eu\/index.php\/wp-json\/wp\/v2\/pages"}],"about":[{"href":"https:\/\/news.esseweb.eu\/index.php\/wp-json\/wp\/v2\/types\/page"}],"author":[{"embeddable":true,"href":"https:\/\/news.esseweb.eu\/index.php\/wp-json\/wp\/v2\/users\/1"}],"replies":[{"embeddable":true,"href":"https:\/\/news.esseweb.eu\/index.php\/wp-json\/wp\/v2\/comments?post=202"}],"version-history":[{"count":9,"href":"https:\/\/news.esseweb.eu\/index.php\/wp-json\/wp\/v2\/pages\/202\/revisions"}],"predecessor-version":[{"id":234,"href":"https:\/\/news.esseweb.eu\/index.php\/wp-json\/wp\/v2\/pages\/202\/revisions\/234"}],"wp:attachment":[{"href":"https:\/\/news.esseweb.eu\/index.php\/wp-json\/wp\/v2\/media?parent=202"}],"curies":[{"name":"wp","href":"https:\/\/api.w.org\/{rel}","templated":true}]}}